at is the highest common factor of b and 1924?
37
Let p = 581 + -576. Suppose 0 = p*a + 3*u + 171 - 2168, 0 = -4*a + u + 1601. What is the highest common divisor of a and 16?
16
Let f = -29 - -89. Let z(j) = 41*j - 33. Suppose 5*a = 3*v + 27, 5*a + v - 31 = 5*v. Let o be z(a). What is the highest common factor of o and f?
30
Suppose 1443 = h - 5*s, -2*s - s = 0. Calculate the greatest common divisor of 117 and h.
39
Let q = -33 + 39. Let b = q + -12. Let s be ((-4)/b)/((-9)/(-54)). Calculate the highest common factor of s and 12.
4
Let t be 0/(95/76 - 1/4). Suppose -d + 3*f + 47 = -f, t = -d - 5*f + 2. Let x = 20 - 11. What is the highest common factor of x and d?
9
Let s = 50 + -32. Suppose -z = -5*h - 46, 4*h - 5*z - 60 = 8*h. Let b(a) = 2*a**2 + 22*a + 32. Let w be b(h). Calculate the highest common divisor of w and s.
6
Let f(m) = -9*m - 50. Let v be f(-8). Suppose -4*d = -3*x + v, -3 = -2*x - 4*d + 5. Calculate the highest common divisor of x and 48.
6
Let o(k) = k**2 - 56*k - 469. Let x be o(-28). Calculate the highest common divisor of x and 7.
7
Let k(r) = -r**3 + 6*r**2 + 91*r + 11. Let t be k(-7). Calculate the highest common factor of 968 and t.
11
Suppose 0 = 6*d - 49054 + 30604. What is the greatest common factor of 492 and d?
123
Let l be (15/(-30))/(5/(-4) - -1). Let f be (62 + 3)*((-11)/(-5) - l). Calculate the greatest common factor of 1469 and f.
13
Let r be ((-42)/(-5))/((-6)/(-40))*621/414. What is the greatest common factor of 609 and r?
21
Let y(d) = 2*d + 4. Let f be y(4). Let u(t) = -2*t**2 - 178*t + 12. Let v be u(0). Calculate the highest common divisor of v and f.
12
Suppose -121*m + 258*m - 13152 = 125*m. What is the greatest common divisor of m and 411?
137
Suppose -18*f - 15549 - 36965 = -49*f. What is the greatest common divisor of f and 98?
14
Suppose 4*r - 68 = -28. Let s be r/25 - 14/10. Let t be 1 - 199/s*(11 - 10). Calculate the greatest common factor of 40 and t.
40
Suppose 3*p = 5*p - 10. Let t be (2/8)/(-1) - (-66667)/652. Suppose -t = -5*n + 2*f, -3*n - 5*f = -p*n + 24. What is the greatest common factor of n and 110?
22
Let s be ((-544)/48)/(2/3). Let z(y) = -7*y - 41. Let o be z(s). Let b(m) = -m**2 - 11*m - 11. Let p be b(-8). What is the greatest common divisor of o and p?
13
Suppose z = -2*z + 117. Let i be 2265/25 + ((-33)/5 - -7). What is the highest common divisor of z and i?
13
Let k(f) = 8*f**3 + 302*f**2 - 78*f + 11. Let n be k(-38). Calculate the highest common factor of 29 and n.
29
Suppose -131 = -6*v + v - 1. Calculate the greatest common factor of 7306 and v.
26
Suppose 4*o + 26 = 2*z, -o - 10 + 35 = z. Suppose -17*h + 2880 - 381 = 0. What is the greatest common divisor of h and z?
21
Let o(m) = -53*m**3 - m**2 + 7*m - 4. Let l be o(1). Let t = -46 - -1. Let p = t - l. Calculate the highest common factor of p and 30.
6
Let h be 2 + -2 - (-640)/10*19. What is the highest common factor of h and 96?
32
Let p = -237 + 380. Suppose -10*x + 5*x = -4*h - p, 0 = 4*x - 2*h - 112. Calculate the highest common factor of 9 and x.
9
Let k be 107749/(-106) - 2/4. Let v be -2 + k/(-33) - (-2)/11. What is the greatest common divisor of v and 667?
29
Suppose -2*z + z = -3*v + 12, -5*v + 20 = 0. Let y be (-604)/(-12) - (-1)/(-3). Suppose -58*q + 53*q + y = z. Calculate the greatest common factor of q and 90.
10
Suppose 2*m + 4816 = q, 0 = 4*q - 5*m - 9999 - 9250. What is the greatest common factor of 54 and q?
54
Let t(a) be the second derivative of a**4/12 + a**3/2 + 4*a**2 - 53*a. Let r be t(-19). Calculate the greatest common divisor of 24 and r.
24
Suppose 0 = 4*y - a - 1, -2*y - a = -6 + 1. Let u be (-2 - y)*(-10 - -37). Let g = u - -156. What is the highest common factor of g and 15?
15
Let m(y) = y**3 + 21*y**2 + 22*y + 42. Let o(f) = -f**2 - f. Let s be o(-5). Let a be m(s). Calculate the highest common divisor of 102 and a.
2
Let w(t) = 19*t**2 + 2*t + 3. Let v be w(0). Let o be 3/8*2*64. Calculate the greatest common factor of v and o.
3
Suppose 0 = -0*h - 3*h + g - 1565, -5*h - 2612 = 2*g. Let b = -513 - h. What is the highest common divisor of 45 and b?
9
Suppose 0 = -4*j - 2*w + 54 - 6, -j + w = -6. Let a be 0 + (j + -9)/((-1)/(-4)). What is the highest common factor of 8 and a?
4
Let c be (7 - 6)*(-33)/(-11) - -34. What is the greatest common divisor of 9472 and c?
37
Suppose -59*p + 37*p - 24*p + 565248 = 0. What is the greatest common factor of p and 36?
12
Suppose a - 29 = 2*t + 5, -a + 49 = 3*t. Let y = 302 + -297. Calculate the greatest common factor of y and a.
5
Let k = -179 + 183. Suppose k*y - 110 = 2. Suppose 0 = -4*c + 311 + 25. Calculate the highest common divisor of y and c.
28
Let d be -7 - (-6438)/102 - (-4)/(-34). What is the greatest common factor of d and 128?
8
Let d(n) = -6*n**3 - 5*n**2 - 3*n. Let w be d(-3). Let s = 6251 + -6215. What is the highest common factor of w and s?
18
Suppose 3*x = -48*t + 43*t + 1876, 5*t + 4*x = 1873. Calculate the highest common divisor of t and 234.
13
Let o be 6*((-25)/(-40)*4 + 2). Let v be (o*1)/(((-27)/2)/(-9)). What is the greatest common divisor of v and 144?
18
Suppose 517 = 9*j - 77. Let u = j - 35. Let r = u - 30. Calculate the greatest common divisor of 8 and r.
1
Let k(i) = i**2 + 24*i - 45. Let n be k(-30). Suppose -5*h + n = 20. What is the greatest common factor of 253 and h?
23
Suppose 0 = 34*x - 137*x - 172*x + 1689050. What is the highest common factor of 148 and x?
74
Let j = 641 + -638. Suppose 0 = 3*f - 76 - 32. Suppose 3*d = -j - 0, 3*s = -3*d + f. What is the highest common divisor of 26 and s?
13
Let a(f) = 5*f**2 - 56*f - 15. Let s be a(12). Let i be ((-77)/s)/((-4)/144). What is the greatest common factor of 588 and i?
84
Let o = 202 - 155. Suppose 0 = 5*v + 2*k - 67, -3*v - k + o - 6 = 0. Calculate the highest common factor of v and 55.
5
Let z be ((-266409)/506)/(1/(-10)). Calculate the highest common factor of 520 and z.
65
Let f = 8102 + -7997. Let k be (-56)/10*15/(-2). Calculate the greatest common factor of k and f.
21
Suppose 161 = 7*s + 455. Let r = s + 46. Suppose 65 + 43 = r*h. Calculate the greatest common divisor of 3 and h.
3
Let a(c) = 6*c**3 + 8. Let q be a(2). Calculate the highest common factor of 384 and q.
8
Suppose 5*b = 2*l - 24, -6*l = -2*l + 3*b - 22. Suppose 2*s + 3*x - 84 = 0, 2*x = s + l*x - 56. Calculate the greatest common factor of 204 and s.
12
Suppose -6*x + 27 = -3*x. Let y be 54*(-42)/x*(-3)/4. Calculate the highest common factor of 21 and y.
21
Suppose -6132 = -92*l + 88*l. Let w = -740 + l. Calculate the highest common factor of 61 and w.
61
Suppose -6*p + 15 = -p + 5*z, -5*z = 0. Suppose 4*f - 161 + 55 = -5*g, 3*g - 81 = -p*f. What is the greatest common factor of 29 and f?
29
Let d(h) = -5*h**3 + 55*h**2 + 40*h - 17. Let r be d(11). What is the highest common divisor of 117 and r?
9
Let b be (-87)/(-4) + (-61)/(-244) - 6. What is the greatest common factor of 124 and b?
4
Let l = 33 + -27. Suppose 3*o = 2*c + 65, -o + 145 = -l*c + 2*c. Let g = c + 43. What is the greatest common divisor of g and 42?
6
Let d(f) = -3*f**2 - 108*f + 250. Let a(s) = 2*s**2 + 54*s - 126. Let u(o) = 7*a(o) + 4*d(o). Let k be u(38). Calculate the greatest common divisor of k and 53.
53
Suppose -16906 = -16*h + 19922 + 40932. Calculate the highest common factor of 60 and h.
60
Suppose -6*d = -47*d - 63*d + 82368. Calculate the highest common factor of d and 77.
11
Suppose 2*r - l = 63, -3*l + 2*l + 147 = 5*r. What is the greatest common divisor of 3390 and r?
30
Let d be ((-52)/10)/((-2)/100). Let c(k) = -k**2 - 855*k - 31746. Let l be c(-39). Calculate the highest common divisor of d and l.
26
Let l(x) = -x**3 + 28*x**2 + 137*x + 57. Let w be l(32). Calculate the highest common divisor of w and 30.
15
Let a be 160 - 2/(3 - 4). Suppose 0 = 5*s - 2 + a. Let h = s + 46. What is the highest common factor of h and 14?
14
Let j be 2 - (-15 - -9 - (-16)/(-12)*48). What is the highest common factor of 50 and j?
2
Let v = -5224 - -5309. Calculate the highest common factor of v and 799.
17
Let b be -4*(3 + -3 - 1). Suppose -b*u + 2*u - 14 = 0. Let i = 23 + u. Calculate the highest common divisor of i and 144.
16
Let a be 1*((-60)/14 + 6/21). Let h(d) = -46*d - 31. Let m be h(a). Calculate the highest common